s**2 - 14*s - 2. Let i(k) = -k - 1. Let n(h) = c(h) - 6*i(h). What is n(j)?
11
Let k(d) be the second derivative of -d**4/12 + 11*d**3/6 - 5*d**2 - 283*d. Give k(7).
18
Let u = -195 + 193. Let d(h) = 6*h + 2. What is d(u)?
-10
Let p(u) = 6*u**2 - 11*u - 26. Let a(c) = -5*c**2 + 11*c + 24. Let q(t) = 7*a(t) + 6*p(t). What is q(-8)?
-12
Let x(p) = p**2 + 5*p + 5. Suppose -r - 97 = 3*g, 2*g + g = -3*r - 285. Let m = 90 + r. What is x(m)?
1
Let k be (-1 - -7) + 15/(-90)*35. Let l(c) be the third derivative of 1/60*c**5 + k*c**3 + 1/12*c**4 + 0*c - 11*c**2 + 0. Determine l(-5).
16
Let p(i) = i + 6. Let m = -13 - -36. Let l = m + -23. Give p(l).
6
Let x(p) = -35 - p - p - 3*p + 26 - 13. Give x(-8).
18
Let n = 61 - 39. Suppose 0 = c + 3*c - 2*k - 28, 2*k + n = 3*c. Let x(a) = a**3 - 5*a**2 - 7*a + 9. What is x(c)?
3
Let c(s) be the second derivative of -s**4/3 - s**3 - 7*s**2/2 + 7*s. Let t(o) = o**2 + 2*o + 2. Let u(y) = -2*c(y) - 7*t(y). Let w = 25 + -20. Calculate u(w).
15
Let n(c) be the second derivative of -c**4/12 + c**3 + 7*c**2/2 + 331*c. Calculate n(6).
7
Let q(c) = 0*c + 3*c + 6*c**2 - c - 1 - c**3. Suppose -6 = 12*z - 13*z. Determine q(z).
11
Let q(u) = 4*u**3 - 2*u**2 + 1. Let n be q(1). Suppose -2*f = -8 - 4. Let o(y) = -1 + f*y - n*y + y. Give o(2).
7
Let d(v) = -v**2 - v. Suppose -6*n - 21 - 3 = 0. Let q(i) = 5*i**2 + 6*i + 1. Let c(h) = n*d(h) - q(h). Let y = -4 - -2. Give c(y).
-1
Let d(q) be the first derivative of -q**4/4 + 5*q**3/3 - q**2 + 2*q + 103. Determine d(5).
-8
Let i(r) = -r. Let m be i(-1). Suppose -18*d + 16*d - 2 = 0. Let j(f) = -f**3 - f**2 - 1. Let c(o) = -3*o**2 - o - 3. Let z(l) = d*c(l) + m*j(l). What is z(3)?
-4
Let u(f) = 3*f - 49. Let v(x) = -4*x + 65. Let t(r) = -11*u(r) - 8*v(r). Determine t(-10).
29
Let h(l) be the second derivative of l**3/3 - l**2/2 - 10*l + 13. Determine h(-4).
-9
Let t be 11 + 9 + -10 - 16. Let z(y) = y**3 + 5*y**2 - 3*y - 7. What is z(t)?
-25
Suppose 4*b - 3*z + 31 + 26 = 0, 4*b + 2*z + 42 = 0. Let k(v) = -4*v - 29. What is k(b)?
19
Let d(m) = -4*m**2 - 2*m + 2. Suppose -5*v + 52 = 5*h + 57, 3*v - 3*h = -9. Give d(v).
-10
Suppose 1 = a - 3. Let l(k) = k**3 - 3*k**2 + 6*k - 16. Let c be l(3). Let x(s) = -7*s**c - 2*s - 4 + a + 1. Give x(1).
-8
Let b(x) = -x**2 - 9*x - 9. Let j be b(-7). Suppose -j*w = -w. Suppose w*o = -2*o - 10. Let d(q) = q**2 + 4*q + 3. Calculate d(o).
8
Let i(b) = b**3 + 12*b**2 + 20*b. Let j be i(-2). Let c(x) be the second derivative of x**4/12 - x**3/6 + 5*x**2 - 4*x. Give c(j).
10
Let n(v) = v**3 + 3*v**2 + v. Suppose 0 = -3*k - 0*k - 18. Let l be (-1 + (-8)/k)*0. Let b be (l + 3)/(-1 - 0). What is n(b)?
-3
Suppose 3*d + k = 17, 2*k + 0*k - 10 = -2*d. Let c(x) = 4*x**2 + 15*x + 6. Let y(n) = 1 - 2 + n**2 + 5*n + 3. Let w(p) = -2*c(p) + 7*y(p). Determine w(d).
-4
Let a(u) = u**3 + 22*u**2 + 39*u - 26. Let m be a(-20). Let j(q) = 2*q + 19. Let f(w) = w + 2*w - w - 10 - 3*w. Let g(l) = -11*f(l) - 6*j(l). Calculate g(m).
2
Let y(b) = b + 2. Suppose 8 = -2*m - 2*n, m - 22*n - 6 = -25*n. Give y(m).
-7
Let j = 4 + -13. Let h(m) be the second derivative of m**3/6 + m**2 + 2*m + 2426. Give h(j).
-7
Let b(r) be the second derivative of -5/2*r**3 - 1 + 1/2*r**2 + 17*r. Give b(-2).
31
Suppose 3*w + 3 = i, -i = -0*w - 2*w. Let h be (-4)/i - 128/(-24). Let s(q) be the second derivative of -q**3/3 + 3*q**2 - 5*q. What is s(h)?
-6
Let o(q) be the second derivative of -28*q + 0 - 1/3*q**4 + 0*q**2 - 1/20*q**5 + 0*q**3. Suppose -9 = 3*i + 2*u, 0*i - 3*u = -4*i - 12. Calculate o(i).
-9
Suppose 0 = 3*u + 5 + 10. Let q(w) = -w**3 - 1. Let h(n) = 6*n**3 - 4*n**2 - 2*n + 3. Let r(s) = u*q(s) - h(s). Give r(3).
17
Let c(l) = 5*l**2 - l**3 + 5*l**3 + 536 - 3*l**3 - 543 + 2*l. Calculate c(-5).
-17
Let r(t) = -t + 3. Suppose 4*b = -7*c + 8*c + 11, 0 = 3*b + 4*c - 13. Give r(b).
0
Let c(z) be the first derivative of 2*z**3/3 + 18*z**2 + 33*z + 331. What is c(-17)?
-1
Let q(k) = 3*k - 7. Let j(c) = 5*c - 13. Suppose -w - 4*i - 2 = 8, -35 = 5*w + 5*i. Let n(l) = w*j(l) + 11*q(l). Give n(-1).
-2
Let a(k) be the second derivative of 2*k**5/5 - k**3/6 - k**2/2 + 87*k. Let d(x) = x**3 + 8*x**2 + x + 7. Let h be d(-8). What is a(h)?
-8
Let p = 60 + -48. Suppose -p*j + 63 = -3*j. Let d(v) = -3*v + 10. Calculate d(j).
-11
Let v(t) = -6*t - 2*t + 0*t**2 - 1 + t**2. Let n = -4052 - -4061. Give v(n).
8
Let l(s) = 15*s - 59630 + 59630. Let v(p) = p**2 + 16*p + 16. Let x be v(-15). Determine l(x).
15
Let m(c) be the second derivative of c**5/20 - 5*c**4/12 - 3*c**3/2 + 4*c**2 - 8*c + 2. Determine m(6).
-10
Let k(r) = r - 8. Let b be -8*2/(-1)*(0 + 1). Suppose 28 = 11*d - b. Give k(d).
-4
Suppose 4*s = 2*s. Let h be 8/2*(2 - s). Let c(t) = -h + 0 + 3 + 2*t. What is c(4)?
3
Let c(r) be the first derivative of -r**4/24 - 2*r**3/3 - 8*r**2 + 3. Let y(v) be the second derivative of c(v). Calculate y(-8).
4
Let z(w) = w**3 - 9*w**2 - 3*w - 1. Let x(c) = -c**3 + 8*c**2 + 8*c - 55. Let p be x(8). Calculate z(p).
-28
Let f(s) = -2*s + 1. Let l be -11*(-4 + 2 - -1). Let v be l + (-7 - (-2 + -1)). Let p be 2 + -2 + 21/v. Calculate f(p).
-5
Suppose -3*a - 30 = -9*a. Let u(d) = 2*d + 3*d**2 - 12*d**3 + 13*d**3 - a*d. Give u(-3).
9
Let a(n) = n - 1. Let p(l) = -l. Let w = 15 - 14. Let h(d) = d**2 + 13*d + 10. Let u(r) = w*h(r) + 5*p(r). Let j be u(-7). Calculate a(j).
2
Let x(y) = -2*y**3 + 9*y**2 + 35*y + 1. Let f be x(7). Let v(m) = -14*m**3 - m**2 + m - 1. Calculate v(f).
-15
Let x(a) be the first derivative of 2*a**3/3 + 29*a**2/2 - 13*a + 175. What is x(-15)?
2
Let z = -41 - -44. Let a(x) = 3*x**3 - 12*x**2 + 10*x + 9. Let j(y) = -2*y**3 + 8*y**2 - 7*y - 6. Let t(w) = 5*a(w) + 7*j(w). Calculate t(z).
-3
Let v = -5 + 7. Let t(u) = u - v*u + 3*u + 2. Let k be 1/(-4 + 11/3). Determine t(k).
-4
Suppose -5 = 2*w + 13. Let x(b) = -b - 13. Let p be x(w). Let n(s) = 2. Let c(d) = -d + 2. Let j(z) = 2*c(z) - 4*n(z). What is j(p)?
4
Let x(i) = -6*i + 3. Suppose -8*g + 7*g + 25 = 0. Let r = g + -22. Let o(s) = 3*s - 7. Let v be o(r). Determine x(v).
-9
Let o(n) = 13*n**3 - 11*n**2 + 2*n + 11. Let f(u) = 11*u**3 - 10*u**2 + 2*u + 9. Let j(b) = -7*f(b) + 6*o(b). Suppose s + 2 = -2. Calculate j(s).
11
Let f(m) = m**3 + 2*m**2 - 2*m - 4. Let w(d) = d**3 - 6*d**2 - 6*d + 52. Let u be w(5). Give f(u).
-7
Let q = -7 - -1. Let k(t) = 172*t - 178*t - 2 - 1 - t**2. Calculate k(q).
-3
Suppose 2*l - 8*l - 30 = 0. Let y(s) = 2*s + 1. Let b(w) = 5*w + 3. Let j = 9 - 17. Let n(i) = j*y(i) + 3*b(i). Give n(l).
6
Suppose 18 = 2*s - 26. Let w = s + -20. Let d(c) = -1 - c + c**3 - 16*c**2 + 12*c**w + c. Determine d(3).
-10
Let y(m) = 5 - 4*m**2 - m**3 - m**2 + 2*m**3 + 3*m. Let p = -164 + 172. Suppose p*q = 7*q + 4. Give y(q).
1
Suppose 0 = 3*m - z - 22, -2*m + 5*z = 6*z - 18. Let s(x) = -m*x**3 + 1 + 5*x**3 + 10*x**3 + 0. What is s(-1)?
-6
Let k = -60 - -66. Let d(w) = -44*w - k + 40*w + 2. Calculate d(-3).
8
Let v(a) = 5*a**2 + 2*a - 7. Let c be (-33)/66*(7 + -1). Give v(c).
32
Let s(r) = -r**3 - 4*r**2. Let z(p) = 1. Let k(y) = y + 2. Let n(l) = k(l) + 3*z(l). Let u be n(-9). Let x be s(u). Let m(g) = g**3 + g - 8. What is m(x)?
-8
Let a = -74 + 87. Let b(o) = -2 + a*o - 12*o - 1 + 4. Determine b(-1).
0
Let q(z) = z**2 - 8*z + 10. Let o(s) = 2*s**2 + s - 1. Let c be o(1). Suppose -2*x + 25 = -4*k - 1, -2*x - c*k = -8. Calculate q(x).
3
Let f(g) = 105*g + 145*g - 247*g + 1. Let d(v) = v - 1. Let p be d(4). Determine f(p).
10
Let h(d) = -8*d**2 + d. Suppose -c - 2 = 0, -c - 15 - 35 = -4*k. Let m = k - 3. Suppose -5*l = 2*a - 21 + 8, -2*l = -3*a - m. What is h(a)?
-9
Let b(t) = -t**3 + 12*t**2 + 63*t + 17. Let o be b(16). Let x(h) = 2*h - 5*h + 1 + 0*h. Give x(o).
-2
Let b(w) = 2*w**2 + 31*w + 30. Let j(d) = -d**2 - 15*d - 15. Suppose -22*v + 15 = -27*v. Let o(k) = v*b(k) - 7*j(k). Give o(-11).
4
Let n(o) = -14*o**3 + 51*o**2 - 9*o + 12. Let z(v) = -5*v**3 + 18*v**2 - 3*v + 4. Let y(l) = 6*n(l) - 17*z(l). Give y(3).
22
Let a(s) = -12*s + 20. Let l be a(2). Let o(n) = n**3 + 5*n**2 + 7*n + 9. Determine o(l).
-3
Let v(b) = b**2 + 8*b + 6. Let n(h) = h**2 + 7*h + 5. Let y(t) = -4*n(t) + 3*v(t). Let i be (-2)/((18/21)/(-3)). Let u be (-4)/14 + (-19)/i. Give y(u).
1
Suppose -11 = 4*a + 5. Suppose -m + 12 = 3*m. Let k = a + m. Let r(t) = 7*t 